{"id":1332,"date":"2010-11-16T03:53:40","date_gmt":"2010-11-16T03:53:40","guid":{"rendered":"http:\/\/www.bisericaortodoxaaurora.com\/?page_id=1332"},"modified":"2015-07-06T02:28:26","modified_gmt":"2015-07-06T02:28:26","slug":"rugaciune-pt-duhovnic","status":"publish","type":"page","link":"http:\/\/sfioanevanghelistul.ca\/wordpress\/sf-antonie-cel-mare\/rugaciune-pt-duhovnic\/","title":{"rendered":"Rug\u0103ciune pentru duhovnic"},"content":{"rendered":"<p>O, Preasf\u00e2nt\u0103 St\u0103p\u00e2n\u0103, N\u0103sc\u0103toare de Dumnezeu Fecioar\u0103, \u00eemp\u0103r\u0103teasa Cerului \u015fi a p\u0103m\u00e2ntului, ascult\u0103 strigarea sufletului meu \u015fi prime\u015fte p\u0103c\u0103toasa mea rug\u0103ciune, Preacurat\u0103 Maic\u0103 a lui Dumnezeu, pe care o aduc pentru p\u0103rintele meu duhovnic, \u00eendureratul robul T\u0103u &#8230; . Fii lui \u00eentotdeauna C\u0103l\u0103uzitoare, \u015fi \u00een toat\u0103 vremea \u00eenso\u0163e\u015fte-l, \u015fi \u00eengr\u0103de\u015fte-l pe el cu sfin\u0163ii \u00eengeri. \u00cent\u0103re\u015fte-l c\u00e2nd este treaz, p\u0103ze\u015fte-l c\u00e2nd doarme, m\u00e2ng\u00e2ie-l c\u00e2nd pl\u00e2nge, \u00eemb\u0103rb\u0103teaz\u0103-l c\u00e2nd este trist, izb\u0103ve\u015fte-l de dureri; sloboze\u015fte-l de clevetire, ridic\u0103-l c\u00e2nd este \u00een neputin\u0163\u0103, biruie\u015fte-i pe demonii ce lupt\u0103 \u00eempotriva lui, \u015fi \u00een primejdie de moarte \u00eel ajut\u0103. \u00een fiecare zi \u00eel arat\u0103 \u00eenfrico\u015f\u0103tor pentru vr\u0103jma\u015fii cei v\u0103zu\u0163i \u015fi nev\u0103zu\u0163i, pentru ca ei s\u0103 \u015ftie c\u0103 el este robul T\u0103u, Maica lui Dumnezeu, Care L-ai n\u0103scut pe Domnul \u015fi \u00eemp\u0103ratul, C\u0103ruia I Se cuvine cinstea \u015fi \u00eenchin\u0103ciunea \u00een vecii vecilor. Amin.<\/p>\n<p>Maica Domnului, \u00eembl\u00e2nze\u015fte inimile oamenilor celor r\u0103i care se ridic\u0103 asupra lui. Tu vezi osteneala \u015fi durerea p\u0103rintelui meu&#8230;, durerile lui doar Tu singur\u0103 le cuno\u015fti. Tu \u00eei \u015ftii toate tainele sufletului, caut\u0103 cu milostivire la el din cer, u\u015fureaz\u0103-i suferin\u0163a, acoper\u0103-l cu acoperem\u00e2ntul T\u0103u, cerceteaz\u0103-l pe el cu mila Ta cea cereasc\u0103, trimite-i binecuv\u00e2ntare \u00een toate faptele lui \u015fi-i d\u0103ruie\u015fte ajutorul t\u0103u cel nev\u0103zut, \u015fi cu sfintele lui rug\u0103ciuni, d\u0103-mi mie smerenie, mustrare de con\u015ftiin\u0163\u0103, r\u0103bdare, bl\u00e2nde\u0163e, cur\u0103\u0163ie, t\u0103cere \u015fi m\u0103 acoper\u0103 de toate n\u0103pastele \u015fi de vr\u0103jma\u015fii cei v\u0103zu\u0163i \u015fi cei nev\u0103zu\u0163i. Amin.<\/p>","protected":false},"excerpt":{"rendered":"<p>O, Preasf\u00e2nt\u0103 St\u0103p\u00e2n\u0103, N\u0103sc\u0103toare de Dumnezeu Fecioar\u0103, \u00eemp\u0103r\u0103teasa Cerului \u015fi a p\u0103m\u00e2ntului, ascult\u0103 strigarea sufletului meu \u015fi prime\u015fte p\u0103c\u0103toasa mea rug\u0103ciune, Preacurat\u0103 Maic\u0103 a lui Dumnezeu, pe care o aduc pentru p\u0103rintele meu duhovnic, \u00eendureratul robul T\u0103u &#8230; . Fii lui \u00eentotdeauna C\u0103l\u0103uzitoare, \u015fi \u00een toat\u0103 vremea \u00eenso\u0163e\u015fte-l, \u015fi \u00eengr\u0103de\u015fte-l pe el cu sfin\u0163ii \u00eengeri. &hellip; <\/p>\n","protected":false},"author":3,"featured_media":0,"parent":45,"menu_order":8,"comment_status":"open","ping_status":"closed","template":"","meta":{"ngg_post_thumbnail":0,"footnotes":""},"class_list":["entry","page","publish","author-stefan","post-1332"],"jetpack_sharing_enabled":true,"_links":{"self":[{"href":"http:\/\/sfioanevanghelistul.ca\/wordpress\/wp-json\/wp\/v2\/pages\/1332","targetHints":{"allow":["GET"]}}],"collection":[{"href":"http:\/\/sfioanevanghelistul.ca\/wordpress\/wp-json\/wp\/v2\/pages"}],"about":[{"href":"http:\/\/sfioanevanghelistul.ca\/wordpress\/wp-json\/wp\/v2\/types\/page"}],"author":[{"embeddable":true,"href":"http:\/\/sfioanevanghelistul.ca\/wordpress\/wp-json\/wp\/v2\/users\/3"}],"replies":[{"embeddable":true,"href":"http:\/\/sfioanevanghelistul.ca\/wordpress\/wp-json\/wp\/v2\/comments?post=1332"}],"version-history":[{"count":1,"href":"http:\/\/sfioanevanghelistul.ca\/wordpress\/wp-json\/wp\/v2\/pages\/1332\/revisions"}],"predecessor-version":[{"id":7350,"href":"http:\/\/sfioanevanghelistul.ca\/wordpress\/wp-json\/wp\/v2\/pages\/1332\/revisions\/7350"}],"up":[{"embeddable":true,"href":"http:\/\/sfioanevanghelistul.ca\/wordpress\/wp-json\/wp\/v2\/pages\/45"}],"wp:attachment":[{"href":"http:\/\/sfioanevanghelistul.ca\/wordpress\/wp-json\/wp\/v2\/media?parent=1332"}],"curies":[{"name":"wp","href":"https:\/\/api.w.org\/{rel}","templated":true}]}}