{"id":12016,"date":"2018-02-23T11:13:31","date_gmt":"2018-02-23T16:13:31","guid":{"rendered":"http:\/\/sfioanevanghelistul.ca\/wordpress\/?page_id=12016"},"modified":"2018-11-19T12:01:19","modified_gmt":"2018-11-19T17:01:19","slug":"corul-bisericii","status":"publish","type":"page","link":"http:\/\/sfioanevanghelistul.ca\/wordpress\/activitati\/corul-bisericii\/","title":{"rendered":"Corul bisericii"},"content":{"rendered":"<p><\/p>\n<p style=\"text-align: justify;\"><strong><a href=\"http:\/\/sfioanevanghelistul.ca\/wordpress\/wp-content\/uploads\/2018\/11\/carte_muzica_psaltica-768x513.jpg\"><img loading=\"lazy\" decoding=\"async\" class=\"wp-image-13600 alignright\" src=\"http:\/\/sfioanevanghelistul.ca\/wordpress\/wp-content\/uploads\/2018\/11\/carte_muzica_psaltica-768x513.jpg\" alt=\"\" width=\"400\" height=\"265\" srcset=\"http:\/\/sfioanevanghelistul.ca\/wordpress\/wp-content\/uploads\/2018\/11\/carte_muzica_psaltica-768x513.jpg 730w, http:\/\/sfioanevanghelistul.ca\/wordpress\/wp-content\/uploads\/2018\/11\/carte_muzica_psaltica-768x513-300x198.jpg 300w\" sizes=\"auto, (max-width: 400px) 100vw, 400px\" \/><\/a>V\u0103 invit\u0103m la repeti\u021biile pentru corul bisericii, deoarece to\u021bi credincio\u0219ii ar trebui s\u0103 c\u00e2nte la sfintele slujbe, precum spunea Fericitul Augustin: &#8222;Cine c\u00e2nt\u0103 \u00een biseric\u0103, se roag\u0103 de dou\u0103 ori&#8221;. Sub directa \u00eendrumare a preo\u021bilor slujitori, vom descoperi \u00eempreun\u0103 no\u021biuni de teoria muzicii, modalit\u0103\u021bi pentru formarea vocii \u0219i vom preg\u0103ti c\u00e2nt\u0103rile Sfintei Liturghii \u0219i alte c\u00e2nt\u0103ri biserice\u0219ti.<\/strong><\/p>\n<p>&nbsp;<\/p>\n<p>&nbsp;<\/p>","protected":false},"excerpt":{"rendered":"<p>V\u0103 invit\u0103m la repeti\u021biile pentru corul bisericii, deoarece to\u021bi credincio\u0219ii ar trebui s\u0103 c\u00e2nte la sfintele slujbe, precum spunea Fericitul Augustin: &#8222;Cine c\u00e2nt\u0103 \u00een biseric\u0103, se roag\u0103 de dou\u0103 ori&#8221;. Sub directa \u00eendrumare a preo\u021bilor slujitori, vom descoperi \u00eempreun\u0103 no\u021biuni de teoria muzicii, modalit\u0103\u021bi pentru formarea vocii \u0219i vom preg\u0103ti c\u00e2nt\u0103rile Sfintei Liturghii \u0219i alte &hellip; <\/p>\n","protected":false},"author":3,"featured_media":0,"parent":1990,"menu_order":3,"comment_status":"closed","ping_status":"closed","template":"","meta":{"ngg_post_thumbnail":0,"footnotes":""},"class_list":["entry","page","publish","author-stefan","post-12016"],"jetpack_sharing_enabled":true,"_links":{"self":[{"href":"http:\/\/sfioanevanghelistul.ca\/wordpress\/wp-json\/wp\/v2\/pages\/12016","targetHints":{"allow":["GET"]}}],"collection":[{"href":"http:\/\/sfioanevanghelistul.ca\/wordpress\/wp-json\/wp\/v2\/pages"}],"about":[{"href":"http:\/\/sfioanevanghelistul.ca\/wordpress\/wp-json\/wp\/v2\/types\/page"}],"author":[{"embeddable":true,"href":"http:\/\/sfioanevanghelistul.ca\/wordpress\/wp-json\/wp\/v2\/users\/3"}],"replies":[{"embeddable":true,"href":"http:\/\/sfioanevanghelistul.ca\/wordpress\/wp-json\/wp\/v2\/comments?post=12016"}],"version-history":[{"count":1,"href":"http:\/\/sfioanevanghelistul.ca\/wordpress\/wp-json\/wp\/v2\/pages\/12016\/revisions"}],"predecessor-version":[{"id":13601,"href":"http:\/\/sfioanevanghelistul.ca\/wordpress\/wp-json\/wp\/v2\/pages\/12016\/revisions\/13601"}],"up":[{"embeddable":true,"href":"http:\/\/sfioanevanghelistul.ca\/wordpress\/wp-json\/wp\/v2\/pages\/1990"}],"wp:attachment":[{"href":"http:\/\/sfioanevanghelistul.ca\/wordpress\/wp-json\/wp\/v2\/media?parent=12016"}],"curies":[{"name":"wp","href":"https:\/\/api.w.org\/{rel}","templated":true}]}}